 + 0). Let u be (-36)/r - 2/(-4). Suppose 10*b - u*b = 20. What is the units digit of b?
4
Suppose 11 = h - 4*b, -2*h - 2 = -3*h - 5*b. What is the units digit of h?
7
Let v = 10 + -8. Let h(b) = -b**3 + 3*b**2 + b - 1. Let u be h(v). Let j(d) = d**2 - 2*d + 1. What is the tens digit of j(u)?
1
Let i(j) = j**2 + 18. What is the units digit of i(0)?
8
Let w(x) = 15*x**2 + 0 + x + x**3 + 4*x - 7*x**2 + 2. What is the units digit of w(-7)?
6
Let l be -1 - 3*10*-1. Let n = 4 + -4. Suppose n = c, 1 = 3*r - 4*c - l. What is the units digit of r?
0
Suppose -2*k + 0 + 10 = 0. Suppose 2*j = -3*z - 2*j + 90, -k*j = -4*z + 89. What is the tens digit of z?
2
Suppose 0 = -3*s + 1 + 2. Let r = 19 - s. What is the units digit of r?
8
Suppose 0 = -3*k - 23 - 1. What is the units digit of k*(0 + 3/(-6))?
4
Suppose 2*s = h - 32, -4*h - 3*s + 51 = -h. Let x = h - 14. What is the units digit of x?
8
Let y(r) = 5*r**2 + 2. What is the units digit of y(3)?
7
Suppose -6*z + 1512 = z. What is the units digit of z?
6
Suppose -4*p = -4*k - 21 + 1, 0 = -k - p + 3. What is the units digit of 10/4 + k/2?
2
Suppose 13*p - 14*p + 162 = 0. What is the units digit of p?
2
Let q be (2 - 2)/(-3) + 7. Let o(g) = g**3 - 7*g**2 + g - 6. What is the units digit of o(q)?
1
Suppose b - m + 5*m + 9 = 0, -5*b + 2*m + 43 = 0. Suppose 0 = -b*x + 2*x + 45. What is the units digit of x?
9
Suppose 5*y + 3*z = 842, y + 3*y - 2*z - 678 = 0. What is the units digit of y?
9
Suppose 6*p - 10*p = 2*r - 874, -p = 5*r - 241. What is the tens digit of p?
1
What is the tens digit of (-15 + 0)*-1*1?
1
Let n = -44 + 165. What is the units digit of n?
1
Suppose -2*o = -3*i - 5*o + 78, -94 = -4*i + o. What is the tens digit of i?
2
Suppose -3*r + 38 + 145 = 0. What is the tens digit of r?
6
Let b(t) = t**3 + 21*t**2 + 22*t + 7. What is the units digit of b(-19)?
1
Let f be 5 - (-1 - (-6 + 3)). Suppose 0 = f*s - 20 - 34. What is the tens digit of s?
1
Suppose -78 = -2*l + h + h, 0 = -3*l + 5*h + 123. Suppose 2*m - 4*q = 34, 3*m - 3*q = -0*m + l. What is the units digit of m?
7
Let x be -3 - (-8 - (0 - 3)). Suppose i + 34 - 85 = -4*z, 63 = 5*z + x*i. What is the tens digit of z?
1
What is the tens digit of (5 - 2)*121/3?
2
Let m be 15/10*(-4)/6. Let x(t) = -33*t**3 + 1. Let k be x(m). Suppose k = 3*g + 13. What is the units digit of g?
7
Let w = 101 + -66. What is the tens digit of w?
3
Let d be 3 + 1 + 2 + 0. What is the units digit of 58*(-1 + 9/d)?
9
Let n be (4/(-6))/((-2)/6). Suppose -7*v = -n*v. Suppose -5*s + 8*s - 39 = v. What is the units digit of s?
3
Suppose -5*t - 58 = -258. What is the tens digit of t?
4
Suppose 188 = 11*k - 7*k. What is the tens digit of k?
4
Suppose -3*n - 3*h + 15 + 12 = 0, 3*h = 6. Let s = -1 + n. What is the units digit of s?
6
Let x = 11 + 23. Suppose 14 = 4*r - x. What is the units digit of r?
2
Suppose -8*x + 4*x + 52 = 0. Let w = 20 - x. What is the units digit of w?
7
Let w(b) = 2*b + 8. Let l be w(-4). Suppose -3*s = 3*i - 93, l = 5*s + 2*i - 0*i - 140. What is the tens digit of s?
2
Let s(f) = 2*f**3 - 4*f**2 + 3*f. Let z(m) = -m**3 + m**2 - m + 1. Let i(n) = s(n) + z(n). Let r be i(2). Suppose 9 = y + r. What is the units digit of y?
8
What is the units digit of 20/(-16)*(-24 - 0)?
0
Let n(j) = j**3 - 5*j**2 + 2. Let w be n(5). Suppose -t = w + 3. What is the units digit of (-8)/(-28) + t/(-7)?
1
Let s(p) = 3*p - 4. Let h be s(3). Suppose h*t - 3*t - 6 = -4*n, 0 = 4*n - 4*t. What is the units digit of n?
1
Suppose -2*l + 3*l - 19 = 0. Let o = 29 - l. What is the units digit of (-4)/o + 34/10?
3
Suppose r = -r - 168. What is the units digit of r/(-9) - 6/(-9)?
0
Suppose -c + 4*c = 2*u - 15, 0 = 2*u + 4*c + 20. Suppose -2*q = -u*q - 4. Suppose s + 0*s - q = 0. What is the units digit of s?
2
Let d be (-6)/(-7)*(-14)/(-2). What is the tens digit of 1 + -2*(-75)/d?
2
Suppose k + 4*k - 25 = 0. Suppose 29 = 2*n - 3*y, -k*n - 13 = y - 43. What is the units digit of n?
7
Let c be (1 - 23)/(2/(-1)). Let g = 17 - c. What is the units digit of g?
6
Let r(u) = -u - 3. Let l be r(-5). Let x be l/(-3) - (-8)/(-6). What is the units digit of 6 - 4/(x/1)?
8
Suppose 4*c + 5*v - 201 = -0*c, -5*v - 123 = -2*c. What is the tens digit of c?
5
Let z be (-5)/(-15) - 16/3. Let l = z - -15. What is the units digit of (-2)/l + (-112)/(-10)?
1
Suppose -p + 4*p - 26 = -4*r, -3*p + 2*r = 4. Let u(n) = -2 + 3 + 3*n + 0. What is the units digit of u(p)?
7
Let v = 19 - 16. Let l = 16 + -10. Suppose v*b = l*b - 39. What is the units digit of b?
3
Suppose 5*v - 3*j - 4 = 557, 9 = 3*j. What is the tens digit of v?
1
Let b = 8 + -5. Let f be 4/(-10) - 60/(-25). Suppose -u - b = -f*u. What is the units digit of u?
3
Let c(r) = -r + 3. Let u be c(-3). Suppose 0 = -m + u*m. Suppose x - 2 - 5 = m. What is the units digit of x?
7
Suppose -2*v - 2 - 4 = 0. What is the units digit of (3/(-9))/(v/36)?
4
Suppose 4*y = 3 - 7. What is the units digit of (0 - (0 + 1))/y?
1
Let o = -18 + 31. What is the tens digit of o?
1
Let a(o) = -7*o. Let w(d) = d**3 + 7*d**2 - 9*d - 10. Let r be w(-8). What is the units digit of a(r)?
4
Let i be (-38)/14 + 8/(-28). What is the units digit of (-528)/(-18) - (-1)/i?
9
Suppose 0*m - 9*m + 513 = 0. What is the tens digit of m?
5
Let n(f) = f**3 + 5*f**2 + 4*f - 4. Let z be n(-4). What is the units digit of z/2 + (-4 - -15)?
9
Let p(u) = 15*u + 22. What is the hundreds digit of p(7)?
1
Suppose 3*b + 5*w - 14 = 0, 5*b - 4*w = -0*b + 11. What is the units digit of b + (-12)/3 + 2?
1
Suppose 0 = 3*z + 57 + 18. Let n = z + 39. What is the tens digit of n?
1
Suppose 0*v - 2*v - 3*i = 6, -4*i + 34 = -2*v. Let y(s) = s**2 + 6*s - 12. Let h be y(v). Suppose 2*j + j = h. What is the units digit of j?
5
Let m be ((-5)/2)/((-4)/8). Suppose 3*j = 4*s + m*j - 12, 5*s - j = 8. Suppose 16 = s*x + 2*x. What is the units digit of x?
4
What is the hundreds digit of (1 - 0) + 22 + 142?
1
Suppose 138 + 32 = 2*z. What is the tens digit of z?
8
Let k be (-14)/2 - -1*1. Let i(f) = -f**2 - 7*f + 2. What is the units digit of i(k)?
8
What is the tens digit of (11/2)/(5/10)?
1
Let k(l) = 3*l + 22. Let j(m) be the second derivative of -m**3/6 - 7*m**2/2 - 2*m. Let s(x) = 8*j(x) + 3*k(x). What is the units digit of s(-5)?
5
Let x(t) = -t**3 - 7*t**2 + 9*t + 9. Let r be x(-8). What is the units digit of -10*r*4/(-8)?
5
Suppose 2*c - 3*c + 2 = 0. Suppose -c*s + 5*m - 5 = -6*s, 3 = 3*m. Let b = 4 - s. What is the units digit of b?
4
Suppose -4*n = -2*n, -5*s = 4*n. Suppose 0 = 2*a + 10, 28 = -s*x + 2*x - 2*a. What is the units digit of x?
9
What is the hundreds digit of (-167)/((10/(-30))/(2/6))?
1
Let s be 0 - 0 - (-8 - -2). Let d = 78 + -75. What is the units digit of (-19)/(-2) - d/s?
9
Suppose 0 = 4*d + 2*k - 72 - 316, d - 2*k = 107. What is the tens digit of d?
9
Suppose 0 = -2*i + i + 2. Let s = -1 + i. Let y = s - -4. What is the units digit of y?
5
Let i = 51 + -25. What is the tens digit of (-2)/((4/i)/(-1))?
1
Suppose 163 = -4*j - 41. Let z = j - -81. What is the tens digit of z?
3
What is the tens digit of ((-12)/(-1))/(9/24)?
3
Suppose -4*q - 42 = -5*a, 5*a + 3*q - 24 = q. Let t = a - 2. Suppose -x - 5*n = -2*n - 11, 2*n = t. What is the units digit of x?
5
What is the hundreds digit of (9 - (5 - 84))*2/1?
1
Suppose -1046 - 196 = -6*h. What is the units digit of h?
7
Let v(p) = -4*p**2 + 2*p - 2. Let s(n) = -3*n**2 + 2*n - 2. Let f(g) = -3*s(g) + 2*v(g). What is the units digit of f(6)?
6
Let t(k) = k**2 - 8*k - 12. Let w be t(9). Let n = 5 + w. Suppose n*v + 16 = 2*r, -r - 4*v + 22 = r. What is the units digit of r?
9
Suppose 12 - 2 = -2*t. What is the tens digit of t + 36 - (-1)/1?
3
Suppose 2*w + 0*w = 4. Suppose -6 - 40 = -w*y. What is the units digit of y?
3
Let v be (-4)/(-6) - (-2)/6. What is the units digit of 0 + -3 + v - -4?
2
Let g be -3*(-2)/(-4)*-2. Suppose -2*j - j + g*s = 0, -3*j + 24 = 3*s. What is the units digit of j?
4
Suppose 3*c = -2 - 10. Let t = -5 - c. What is the units digit of (-36)/(-5) + t/5?
7
Suppose -4*i = -13 - 115. Let l = i + -12. Suppose -3*j + l = 2*m, -5*j + 9 + 31 = 5*m. What is the units digit of m?
4
Let i(m) = 11*m - 15. Let k(x) = 1. Let b(v) = i(v) - 6*k(v). Let p(c) = -5*c + 10. Let r(s) = 4*b(s) + 9*p(s). What is the tens digit of r(-8)?
1
Let v(k)